*p + 40 - p - p**3. What is m(-5)?
-8
Suppose 47 = -4*l + 2*s + 59, 2*s + 8 = 0. Let d(r) = 39*r**2 + 1. Determine d(l).
40
Let j(o) = 4*o - 21. Let w(z) = 32 - 110*z - 12 - 112*z + 216*z. Let p(b) = -4*j(b) - 3*w(b). Determine p(-11).
2
Let r(c) be the first derivative of c**4/2 + 5*c**3 + 3*c**2 - 4*c + 2032. Give r(-7).
3
Let d(t) = -t**3 + 3*t**2 + 12*t - 9. Let j be d(5). Let x(m) = j - 11*m + 12*m - 2*m. Let q(c) = 6*c - 2. Let i(r) = q(r) + 5*x(r). Give i(-7).
-4
Let l be 6/42 + (-81)/(-21). Suppose -l*k - 16 = -5*u, 3*u - 3*k - 13 + 4 = 0. Let y(v) = -v**3 + 5*v**2 - 2*v + 5. What is y(u)?
13
Let d(s) = s**3 - 22*s**2 + s - 5. Let y(n) = -n**3 - 26*n**2 - 30*n - 103. Let w be y(-25). Calculate d(w).
17
Suppose 3*v + 3*t = 63 + 18, -2*v + 64 = 4*t. Let i = v - 19. Let w(r) = 0 + 3*r**2 + 4*r**3 + r - 2*r**i - 1 + 0*r**3. Determine w(-2).
-7
Let r(g) = -6*g + 16. Let m(d) be the third derivative of -5*d**4/24 + 13*d**3/6 + 53*d**2 - 1. Let q(x) = 4*m(x) - 3*r(x). What is q(3)?
-2
Let s(r) = 15052*r**3 - 68 + 15050*r**3 - 38*r**2 - 30101*r**3 + 39*r. Give s(37).
6
Let m(r) = 2*r - 2. Let d(v) = 10 + 4 - 7*v**2 - 3*v - 3 - 7. Let k(l) = d(l) + 3*m(l). Calculate k(1).
-6
Suppose -3*o - 2*o = 5*f, -f + 6 = 4*o. Let a(b) = -99 + 42*b + 98 - 25*b - 20*b. Give a(o).
-7
Let t(a) = -5*a + 10. Let c(s) = -9*s + 18. Suppose 0 = -2*u - 5*o - 2 - 45, -50 = 5*u - o. Let r(v) = u*t(v) + 6*c(v). Calculate r(-3).
-5
Suppose 0 = -3*p - 12, 9*p = 5*w + 7*p - 143. Let m(h) = -w + 18 - h**3 + 3*h - 4*h**2 - h + 12. Calculate m(-3).
-12
Let c be 39/6*(-2 + 0). Let u = 27 + c. Suppose 3*y + 5*m = -46, 2*y + 5*m + u = -25. Let v(t) = -t**2 - 9*t - 9. What is v(y)?
5
Let x be ((-42)/(-15))/(24/180). Let o(v) = -21 + 73 - 20 - x + v. Give o(-13).
-2
Let u be -3 + 1 + (77/(-21) - -4)*-3. Let c(f) = -f**2 + 10*f + 23. Give c(u).
-16
Let q(i) = -3*i + 7. Let c(k) = 16*k + 41. Let w(r) = -c(r) + 3*q(r). Calculate w(4).
-120
Let c(x) be the third derivative of x**6/120 + 7*x**5/60 + x**4/4 - x**3 - 5*x**2. Suppose 7*s - 12 = -6 - 41. Calculate c(s).
14
Let h(j) = -j**2 - j. Let c(x) = -134*x**2 + 1. Let y(i) = -c(i) + 3*h(i). Let a be y(-1). Let v(g) = 129*g - 6 - 261*g + a*g. What is v(8)?
2
Let d = -2805 - -2809. Let o(b) = b**3 - 7*b**2 + 7*b - 6. Calculate o(d).
-26
Let d(r) = -2*r**2 - 3*r + 1. Let y = 1864 - 1863. What is d(y)?
-4
Let r(w) be the second derivative of w**5/120 - w**4/2 - 29*w**3/3 + 5*w - 7. Let i(v) be the second derivative of r(v). Calculate i(11).
-1
Let a(n) = -n**2 + 4*n + 4. Let c be a(4). Suppose -10 = t + 3*p, -5*t + 0*t + 5 = c*p. Let s(j) = -j + t - 4 - j**2 - 2 - j**3 - j. Calculate s(-3).
23
Let m(x) = -16 - 2*x**3 + 5343*x**2 - 8*x - 9 + 21 - 5351*x**2. Calculate m(-3).
2
Let u(d) = d**3 - 3*d**2 + 5*d - 2. Let i be -4*(1635/10 + 0). Let h = -651 - i. Determine u(h).
13
Let s(n) = n**3 + 4*n**2 + 3*n - 4. Let k be s(-3). Suppose 0 = -337*r + 345*r - 40. Let g(m) = -2719*m**2 - 2714*m**2 + 5432*m**2 - 5 - r*m. Determine g(k).
-1
Let w(m) be the first derivative of m**4/4 - 4*m**3 + 31*m**2/2 - 28*m - 1214. Determine w(9).
8
Let s(l) be the second derivative of 11*l - 1/6*l**3 + 15/2*l**2 + 0. Let k(g) = -8*g - 32. Let a be k(-5). What is s(a)?
7
Let d(f) = 6*f**3 + f**2 - f - 2. Let a be d(-1). Let c be a/(-9)*(1 - (-1)/2). Suppose -3*o - c = 5. Let x(u) = 2*u**3 + 3*u**2. What is x(o)?
-4
Suppose -15 = 9*r - 12*r. Suppose -r = 3*t + 1. Let o be (4 + t + -2)*1. Let z(a) = a + 5. What is z(o)?
5
Let r(c) = 2*c**3 + 2*c**2 - 1. Let i be r(-1). Let b(q) be the third derivative of 1/6*q**3 + 5/12*q**4 + 0*q + 0 - 30*q**2. Give b(i).
-9
Let v(u) be the third derivative of 1/2*u**3 + 94*u**2 + 0 - 5/24*u**4 + 0*u. What is v(2)?
-7
Suppose -5*d - 2 = -3*d. Let q(b) be the second derivative of -3*b**4/2 - b**3/3 - b**2/2 + 7*b - 1603. Determine q(d).
-17
Let b(i) = -i + 18. Let s(c) be the first derivative of -c**3/3 - 17*c**2/2 + 10*c - 256. Let d be s(0). What is b(d)?
8
Suppose -3*j + 10 = -2. Suppose g + 0 = j. Let y(l) = -5*l - 5 + 4 - g*l + 5*l. Calculate y(-5).
19
Suppose 10 - 199 = -25*x - 2*x. Let v(k) = -2*k**2 + 14*k - 6. Calculate v(x).
-6
Let z(t) = -16*t**3 + t**2 - 1. Let w(g) = -13*g + 90. Let q = -36 + 43. Let n be w(q). Give z(n).
16
Let b(j) = -j + 388. Let x(c) = 460. Let w(k) = 6*b(k) - 5*x(k). Give w(13).
-50
Let p(d) = 10*d - 3*d - 4 - 8*d. Let s(f) = 5*f**3 + f**2 - 2. Let a be s(-1). Determine p(a).
2
Let d = -132 + 137. Let y = 3 - 4. Let r be -7 + 20/d + y. Let j(q) = -q**2 - q - 4. Determine j(r).
-16
Let z(y) = -y**2 + 164*y - 3344. Let a be z(24). Let k(o) = o**2 - 27*o + 190. Give k(a).
14
Let w(j) be the first derivative of j**4/4 - 11*j**3/3 + 9*j**2 - 15*j - 8450. Determine w(9).
-15
Let i(h) = 17*h + 1. Let g(b) = -9*b - 116. Let s be g(-13). Suppose 5*a - s = l + 3*l, -6 = -l - 5*a. Give i(l).
18
Let a(i) = 16*i - 17. Let l(j) be the second derivative of -j**3/2 + 3*j**2/2 - 12*j - 2. Let c(t) = -6*a(t) - 33*l(t). Determine c(4).
15
Let k(l) be the third derivative of -l**4/24 + 9*l**3/2 - 10*l**2 + 11. Determine k(26).
1
Let y = -17040 + 102241/6. Let n(o) be the second derivative of -11*o + 0 - y*o**4 + 3/2*o**2 - 5/6*o**3 + 1/20*o**5. What is n(4)?
15
Let i(f) be the second derivative of 4/3*f**3 + 87*f + 0 - 1/6*f**4 + 3/2*f**2. Calculate i(4).
3
Let k be 1 + (3 + -3 - -4). Let a(h) = -117 + 6*h**2 - 7*h + 10*h**3 - 11*h**3 - 114 + 237. Give a(k).
-4
Suppose -2*m - 18 = 7*s - 3*s, 5*s + 6 = 3*m. Let q be ((-23)/46)/(-1*s/(-18)). Let c(k) = k**3 - 3*k**2 - k - 2. Give c(q).
-5
Let v(y) = 11*y**2 - 14*y + 2. Let l(o) = -7*o**2 + 9*o - 1. Let a(i) = -8*l(i) - 5*v(i). Let u = 359 - 334. Let h be (-6)/(-27) - u/(-90)*-8. Calculate a(h).
6
Let y be 0 - (0 - -4)/2. Let t = -3 - y. Let i(b) be the second derivative of b**3/3 + b**2/2 - 5*b - 3. Determine i(t).
-1
Suppose 43*k - 78 = 101*k - 45*k. Let n(y) = -5*y - 8. What is n(k)?
22
Let v(u) = -u + 2. Let o be 5*(2 - (-9)/(-5)). Let l be v(o). Let h(f) = 14*f**2 - 8*f**2 + f + 3*f**2 - l. Determine h(1).
9
Let h(t) = -13*t + 44. Let k(n) = 10*n - 27. Let u(d) = -3*h(d) - 4*k(d). Determine u(-13).
-11
Let g(i) = 1 - 3 + 1 - 20*i. Let f(c) = c**3 + 33*c**2 - 72*c - 61. Let h be f(-35). Suppose -3*m - h = 3*j, 2*j + 3 = -12*m + 13*m. Calculate g(m).
19
Let j(h) be the first derivative of 3*h**2/2 + h - 38579. Let f be (-2)/4 + 15/6. Calculate j(f).
7
Let b(p) = -p**2 + p + 1. Suppose 3*g - 3 = 3*u, g + 2*u - 6 = -2*u. Suppose -5*v + 5*z = -0*v - 35, -3*z = -g*v + 19. Give b(v).
-1
Suppose -1156*t = -586*t - 586*t - 16. Let y(k) = 27*k**3 + 3*k + 2. Determine y(t).
-28
Suppose -r - 5*v + 26 = 0, 22 = -4*r + 7*r + v. Let s = 904 + -885. Let i(g) = g + 9*g + g**2 - s*g + r. Give i(7).
-8
Suppose 52*g = -72*g + 95 + 29. Let v(q) = -3*q**3 - 5*q**2 + 6*q. Determine v(g).
-2
Let k(t) = -40*t**3 - 4 + 11*t**2 - 47*t**3 - 3*t - 44*t**3 + 130*t**3. Determine k(11).
-37
Let o(r) = 53*r**3 - 6*r**2 - 6*r + 3. Let m(q) = 156*q**3 - 17*q**2 - 16*q + 8. Let p(h) = 4*m(h) - 11*o(h). Calculate p(1).
40
Let n(l) = l - 2. Let k(w) = w**2 + 5*w - 10. Let o be k(-7). Let m be (9/o)/(1/(-5 - -9)). Suppose r - m = p, r + 2*p = 2 - 5. Determine n(r).
3
Let m(u) be the first derivative of u**4/4 + 10*u**3/3 - 13*u**2 - 28*u - 857. Determine m(-12).
-4
Suppose 3*i - l = 17, 0 = -191*i + 193*i + l - 23. Let n(a) = 4*a + 4*a - 3*a**2 + 2*a**2. What is n(i)?
0
Let f be 14/(-1 + 3 + 0). Suppose 3*k = f*k - 24. Let d(o) be the first derivative of o**4/4 - 2*o**3 + o**2/2 - o + 1075. What is d(k)?
5
Let y(f) be the second derivative of f**4/12 - 31*f**3/6 - 217*f**2/2 + 1208*f. What is y(37)?
5
Let a(x) = 46*x - 79. Let g be a(2). Let k(h) = -2*h + 17. What is k(g)?
-9
Let z(q) be the third derivative of 11*q**4/24 - 481*q**3/6 + 3025*q**2 - 2*q. Calculate z(44).
3
Let j(k) = k**3 - 9*k**2 - 5*k - 2. Suppose 3*f + 51*g = 55*g + 30, -2*f - 5*g + 20 = 0. Determine j(f).
48
Let y(r) = -27*r + 712*r**2 - 711*r**2 + 22*r - 11. Let l(d) = -d**3 - 2*d**2 - 1. Suppose 5*i = -20 + 5. Let t be l(i). Calculate y(t).
13
Let o(z) = -5*z + 160. Let i be (-4340)/(-420)*(-3)/2*-2. Determine o(i).
5
Suppose 11*i + 8*i = 874. Let w(y) = -7*y + i - 86 + 39 - 8*y. Calculate w(1).
-16
Let i be -2 + 0 + (9 - (